(v*n/2)?
1
Let h be (-2)/4*0/3*1. Suppose 0*l + 7 = -3*l - 2*p, h = 2*l + 2*p + 8. What is the units digit of l?
1
What is the hundreds digit of (-736)/(-2) - (-3)/(3/(-2))?
3
Let v be 2/(6/3)*2. Let c(x) = 2*x + 4. Let d be c(-2). Suppose 58 = v*l - d*l. What is the tens digit of l?
2
Suppose 161 + 108 = i. Let o = i - 143. What is the tens digit of o?
2
Suppose 0 = 54*o - 49*o - 10450. Suppose 7*g = o - 39. What is the tens digit of g?
9
Let v = 47 - 42. Suppose 0 = -q + v*q - 316. What is the units digit of q?
9
Suppose -3*u + 2*b = -1198, 5*u + 2*b + b - 1984 = 0. What is the units digit of u?
8
What is the tens digit of (-14 - -22 - -11750)*1/2?
7
Suppose 5*w - 4*b + 9*b - 5250 = 0, 5*w - 4*b = 5232. What is the thousands digit of w?
1
Let h(v) = v**2 + 18*v - 12. Let w be h(-21). What is the units digit of (-88)/(-3)*w/34?
4
Let t = 18 + -15. Let b(y) = -y**3 + 14*y**2 - 14*y + 17. Let n be b(13). Suppose -221 - t = -n*m. What is the units digit of m?
6
Suppose 0*n - 12 = -2*n - m, 5*n = m + 16. Suppose f + n*c - 74 = 0, f - 4*c - 52 = -18. What is the tens digit of f?
5
Let j(y) be the second derivative of 5*y**3/6 + 3*y**2 - 2*y. Let a be j(9). Suppose 0*z + 3*z - a = 0. What is the units digit of z?
7
Let s = 10 - 4. Let n(v) = 3*v - s*v - 2 - 6*v + 1. What is the units digit of n(-1)?
8
Let d be (6/(-8))/((-2)/16). Let u be (2/d*0)/1. Suppose -2*z - 3*k + 63 = 0, u = z + 4*k - 49 + 15. What is the tens digit of z?
3
Let z(i) = -17*i - 9 - 1 + 0 - 3. What is the tens digit of z(-5)?
7
Let z(w) be the third derivative of -1/24*w**4 + 4*w**2 + 16/3*w**3 + 1/60*w**5 + 0*w + 0. What is the units digit of z(0)?
2
Let u be (12/(-10))/((-4)/10). Suppose -3*p - 11 = c, 0 = u*p + 4 + 5. What is the units digit of 40*c*(-3)/12?
0
Let v(w) = 17 + 175*w**2 - 17 + 2*w. What is the tens digit of v(1)?
7
Let s(d) = -d**3 - 5*d**2 - 1. Let a be s(-5). What is the tens digit of 38*(-2 - -1)*a?
3
Suppose -6*y + 6409 = 2323. What is the hundreds digit of y?
6
Suppose 679*q - 6102 = 673*q. What is the hundreds digit of q?
0
Suppose -5*c + 196 - 31 = 0. Let m = 49 - c. What is the units digit of m?
6
What is the thousands digit of 44640/27 + (-3)/9?
1
Let m be (734/(-3))/((-6)/9). Suppose -5*i = 2*f - m, f + 4*i = 4*f - 516. What is the hundreds digit of f?
1
Let h(a) = 9 - 23*a + 5*a + 0*a. What is the tens digit of h(-4)?
8
Let x = 412 + 1373. What is the tens digit of x?
8
Let d = -40 - -104. What is the units digit of (5 - d/12)*-204?
8
Let n(g) = -g**2 - 21*g - 2. Let c = -48 - -34. What is the units digit of n(c)?
6
Let v(q) be the first derivative of -1/2*q**4 - 3 + 0*q**3 - 5/2*q**2 - 6*q. What is the units digit of v(-3)?
3
Suppose -2*s = 3*s + 4*y - 1220, -2*y = -10. What is the tens digit of s?
4
Let c(n) = -4*n**3 - 25*n**2 - 53*n + 4. What is the thousands digit of c(-11)?
2
Suppose -15*m - 2220 = -17*m. What is the thousands digit of m?
1
Suppose d - 4*w - 16 = -3*d, 2*d - 4*w = 10. Let q(c) = 3*c**3 + c + 6. What is the tens digit of q(d)?
9
Let i = -94 + 97. Suppose 0 = i*s - 7*s + 1028. What is the tens digit of s?
5
Suppose 0 = s - 3, -b + 5*b = -s - 49. Let x(g) = -g - 3. Let m be x(b). Suppose -m = -l - 0. What is the units digit of l?
0
Let x(i) = i**2 - 2*i - 6. Let m be x(4). Suppose -8*n = m*n - 660. What is the units digit of n?
6
Suppose 0 = -4*z + 7 + 9. Suppose z*g + 22 = 186. What is the units digit of g?
1
What is the thousands digit of -6 - (-2 + -2 + -1569)?
1
Suppose -5*d + 3*y = -1003, -404 = -2*d + 5*y - y. Let j = d + -107. What is the units digit of j?
3
Suppose -5*r + 6*r - 205 = 0. Suppose -r = -5*l + 2*k + 27, 3*k - 204 = -4*l. What is the tens digit of l?
4
What is the units digit of 1 + -2 + (-1 - -9982)/3?
6
Let j(w) = -w + 5. Let g be j(5). Suppose -3*p + 61 + 179 = g. What is the units digit of p?
0
Suppose 0 = -4*i + 2*h + 2458, -4*i = 107*h - 106*h - 2461. What is the tens digit of i?
1
Suppose 0 = -3*o + 164 + 151. What is the hundreds digit of o?
1
Suppose 12 = g - 137. What is the units digit of g?
9
Let v be (-11 - -9)/(2/(-245)). Suppose 4*o = -5*p + v, -3*p + 154 = -2*o + 3*o. What is the tens digit of p?
5
What is the units digit of ((-4978)/(-4))/(122/488)?
8
Let n = 2 + 8. Let b be 27/15 + 2/n. Suppose -3*r - 3*m = -69, m = b*r + 2*m - 41. What is the tens digit of r?
1
Let t = -24 - -26. Suppose k = t*k. What is the units digit of -2 + (2 - (-1 + k))?
1
Let d(q) = 2*q**3 - 9*q**2 + 6*q - 40. What is the hundreds digit of d(10)?
1
Let k(t) = -5*t + 61 - 66 - 2*t**3 - t**2 + 0*t**3. What is the units digit of k(-3)?
5
Let k(m) = 22*m**2 - 5*m - 12. What is the hundreds digit of k(-5)?
5
Suppose w + 62*x - 61*x = 24, 4*w - 2*x - 72 = 0. What is the tens digit of w?
2
Suppose 0 = -5*k + 4*w + 57, 5*w = 3*w - 6. Suppose 5*t = x + 3, 5*x - 2*x = -k. Suppose -3*s + 5 + 40 = t. What is the units digit of s?
5
Let a be ((-4080)/(-25) - -1) + 4/5. Let x = 2 + 0. Suppose -3*t = -2*t + x, 5*w - 5*t = a. What is the tens digit of w?
3
Suppose 4*l + 4 = 2*v, -3*l + 3*v - 6 = -8*l. Suppose l = 2*p - 83 - 87. What is the units digit of p?
5
Suppose -2*r - 9 = -3*r. Suppose -13*u = -r*u - 444. What is the units digit of u?
1
What is the units digit of -6*(-105)/(-126) + 1*879?
4
Suppose -220*m - 2912 = -234*m. What is the units digit of m?
8
Let f be (-1 + 357/(-12))/(2/(-8)). What is the tens digit of 5*f*(-4)/(-10) + -1?
4
Let j(n) = 48*n**2 + 15*n - 5. What is the tens digit of j(-4)?
0
Let m(w) = -2*w**2 + 8*w - 4. Let p be m(7). Let v(j) = 70*j. Let i be v(1). Let f = i + p. What is the units digit of f?
4
Suppose -3*r + 5*z = -7146, 8*r - 13*r = -2*z - 11891. What is the tens digit of r?
7
Let n = -489 + 966. Suppose 0 = -9*r - n + 2232. What is the tens digit of r?
9
Let g(m) = m**2 - 9*m + 5. Let b be g(6). Let c = b - -9. What is the tens digit of (c + 76)*(-4)/(-6)?
4
Let s be (3 + 29)/2 - -3. Let p = s - 13. Suppose 0*m = -2*m + p. What is the units digit of m?
3
Let y = -49 + 263. Suppose 5*b + 2*g = 570, -2*b - 3*g + y = -5*g. What is the units digit of b?
2
Let v(d) = 117*d**2 - 3*d + 3. What is the tens digit of v(2)?
6
Let u = 20 - -822. What is the hundreds digit of u?
8
Let y be (7 + -5 - 2)/(2/(-1)). What is the tens digit of (-1 + y)*(0 + -1) + 138?
3
Suppose -2*y - 108 = k, -5*y - 54 = -4*y + 4*k. What is the tens digit of ((-72)/y)/(2/36)?
2
Suppose -2*o = 2*o. Suppose o*k - k + 3 = 0. Suppose 0 = k*z + z - 136. What is the tens digit of z?
3
What is the hundreds digit of 20304/(8 - 2) + -2?
3
Suppose -9*c + 3*a = -5*c - 8831, -8*c + 17651 = 5*a. What is the units digit of c?
7
Let w = -838 - -1009. What is the tens digit of w?
7
Suppose 5*l + p = -3100, 3*l + 1878 = 8*p - 5*p. Let b = -379 - l. What is the hundreds digit of b?
2
Let m(r) = -9*r**3 - 10*r**2 - 4*r + 11. What is the hundreds digit of m(-4)?
4
Suppose 3*y - 1473 = -z, 584 + 865 = z - 5*y. What is the hundreds digit of z?
4
Suppose 6 = 3*l - 0. Suppose -l*k + 8 = 4*c, -3*k - k = 8. What is the units digit of c?
3
Let k(c) = 815*c**2 + 4*c + 4. What is the units digit of k(-1)?
5
Suppose 3556 = 2*y + 3*n, 7*y = 2*y + 5*n + 8865. What is the hundreds digit of y?
7
Let j(u) = u**2 - 21*u + 138. What is the units digit of j(29)?
0
Let p be ((-2)/(-6))/((-2)/(-2076)). What is the units digit of (6/9 + p/(-6))/(-1)?
7
Let j(w) = 5*w**3 + 5*w**2 + 4*w + 19. Let c(a) = 14*a**3 + 16*a**2 + 12*a + 56. Let v(s) = 6*c(s) - 17*j(s). What is the units digit of v(11)?
7
What is the units digit of 33352/20 + 14/35?
8
Suppose -4*i = -8, 5*h - 7*i = -2*i. Suppose -3*r + 3*f + 234 = 0, h*f = -0*r + r - 80. What is the units digit of r?
6
Let y be 3/(-2)*(4 - -10). Let w = 73 - y. Suppose s - 2*x + w = 5*s, 4*s - 5*x - 101 = 0. What is the tens digit of s?
2
Suppose 5*s - 7181 = -2*y, -2*s + 2513 + 1077 = y. What is the thousands digit of y?
3
Let i(j) = -j**3 - 7*j**2 + 6*j - 6. Let n(q) = -q**2 - q - 2. Let g be n(-3). Let p be i(g). Suppose 0 = -4*z + 5*z - p. What is the units digit of z?
0
Let l(n) = -n**3 - n**2 - 4*n - 3. Let p be l(-4). Let u = -21 + p. What is the units digit of u?
0
Suppose 3*s + 119 = -55. Let h = s - 5. Let l = h + 99. What is the units digit of l?
6
Let t(f) = -6*f**3 + f**2 + 40*f + 11. What is the units digit of t